7*r - 2*r. Calculate the remainder when x is divided by r.
6
Suppose 2*f - 16 - 2 = 0. Suppose -5*y = 4*z - 45, -5*z = -3*y + 2*y - 20. What is the remainder when f is divided by y?
4
Let l(q) = q**2 + 2*q. What is the remainder when l(2) is divided by 5?
3
Let w(a) be the third derivative of -7/60*a**5 + 2/3*a**3 + 3*a**2 + 1/3*a**4 + 0 + 1/120*a**6 + 0*a. What is the remainder when 30 is divided by w(6)?
14
Let a(b) = 19*b**3 - 2*b**2 - 3*b + 1. Calculate the remainder when a(2) is divided by 38.
25
Suppose -3*c - 8 = -h, -c - 57 = -3*h - 1. What is the remainder when 58 is divided by h?
18
Suppose -r + 20 = -4. Calculate the remainder when 70 is divided by r.
22
Calculate the remainder when 63 is divided by (6/(-5))/((-15)/200).
15
What is the remainder when (-20)/5 - (-8 - 3) is divided by 3?
1
Suppose -4 = p, s - 4*p - 96 = -4*s. Suppose 2*q - s = -0. Calculate the remainder when 39 is divided by q.
7
Let a be (-1)/((-1)/2 - 0). Suppose 0 = a*p + p - 57. What is the remainder when p is divided by 7?
5
Let u be 2/(-8) + 22/(-8). Let n = u + 5. What is the remainder when 1*n + (-108)/(-3) is divided by 13?
12
Let a(v) = 44*v**2 - 2*v + 1. Let x = -55 - -274. What is the remainder when a(1) is divided by x/15 + (-4)/(-10)?
13
Let l(r) = r**3 - 3*r + 1. Suppose -t = -2 - 2. Suppose 3*q = 3*b + 2*b + 49, 5*q - 88 = 2*b. What is the remainder when l(t) is divided by q?
17
Let t = -247 - -354. What is the remainder when t is divided by 36?
35
Suppose -5*h = 8*h - 156. Let i = 6 + -1. Let o(t) = 8*t + 7. What is the remainder when o(i) is divided by h?
11
Suppose -9 = -2*p - p, 4*p = 5*b + 62. Let m = 7 + b. Let h = m - -8. Calculate the remainder when 14 is divided by h.
4
Calculate the remainder when (42/8)/((-42)/(-280)) is divided by 13.
9
Suppose r - 1 = 20. Suppose -h + 23 = 5*a - 10*a, a - r = -3*h. Suppose 4*y = 3*y + 23. What is the remainder when y is divided by h?
7
Let k = -106 - -148. Suppose -2*n = 2*u + 3*u - k, -2*u + n = -24. Suppose a + 36 = 4*a - 3*x, -5*x = u. What is the remainder when 18 is divided by a?
8
Let t(r) = 16*r**3. Let j be t(1). Let m = j + -7. Suppose -z + 4*z = g + 28, -4*g = -z - m. Calculate the remainder when z is divided by 6.
5
Let k(u) = 4*u**3 - 2*u**2 + 5*u - 5. What is the remainder when k(2) is divided by 13?
3
Let h(r) = 7*r**2 + r. Suppose -g = -1 - 2. Suppose g*k + 1 = 2*k. Calculate the remainder when h(k) is divided by 2.
0
Let j(x) = 2*x - 1. What is the remainder when j(12) is divided by 13?
10
Let y = 37 + 3. Calculate the remainder when y is divided by 12.
4
Let f(s) = 2*s**3 + 6*s**2 + 2*s - 6. Let w be f(-5). Let n = w - -170. Calculate the remainder when n is divided by 14.
12
Suppose z = -3, 2*z - 239 = 2*p - 7*p. What is the remainder when p is divided by 13?
10
Let d be (4/(-10))/(3/(-15)). What is the remainder when d/(-4) - (-21)/6 is divided by 1?
0
Suppose z = -3*l + 46, 5*l - 74 = 2*z - z. Calculate the remainder when 28 is divided by l.
13
Let x = 88 + -59. Calculate the remainder when x is divided by 8.
5
Suppose -l - 2*t + 8 = 2*t, -4*l = -3*t + 44. Let o = 20 + -10. Calculate the remainder when o is divided by (3/2)/((-3)/l).
2
Let s(z) = 4*z**2 + z - 2. Calculate the remainder when 35 is divided by s(-2).
11
Let h(i) = i**3 - 6*i**2 - 2*i + 9. Let u be h(7). Let c = u + -31. Suppose 0 = -q + 2 + 5. Calculate the remainder when c is divided by q.
6
Suppose 5*b - 2*b = 141. What is the remainder when b is divided by 12?
11
Let d(r) = 19*r + 3. Let h be d(4). Suppose 3*q + 5*j - 197 = 0, -2*q + q = 5*j - h. What is the remainder when q is divided by 30?
29
Let m(l) = 12*l**2 - 4*l + 3. Let t be -3 + (-2 - -23)/3. Suppose t*c - 1 = 7. What is the remainder when m(c) is divided by 15?
13
Let x(p) be the first derivative of p**3/3 - p**2 - 7*p - 1. What is the remainder when 23 is divided by x(5)?
7
Let z be 4/6*(-9)/(-6). Suppose -w + z = -2. Suppose w*d = -3*g + d + 107, 5*d + 10 = 0. Calculate the remainder when g is divided by 13.
11
Let s = -737 - -766. Suppose 41 = 2*y + 11. Calculate the remainder when s is divided by y.
14
Let b = -1 + 20. Suppose p = -1, 3*h + p = 2*p + b. What is the remainder when 16 is divided by h?
4
Suppose 0 = g - 4*z - 46 - 47, 417 = 5*g - 4*z. Calculate the remainder when g is divided by 28.
25
Suppose -2*t = -f - 86, -3*t + 0*t = -f - 85. Let x = f - -139. Calculate the remainder when x is divided by 13.
12
Let o(d) = 10*d - 1. Suppose -1615 + 1190 = -5*u. Calculate the remainder when u is divided by o(3).
27
Calculate the remainder when 118 is divided by -1 - -1 - 30/(-1).
28
Suppose 0 = 4*s + 4 - 8. What is the remainder when 19 - (3/s + -1) is divided by 9?
8
Let w be (-3 - -18) + (1 - 1). Let z(c) = 2*c**2 - 2*c. Calculate the remainder when 7/(33/w + -2) is divided by z(-2).
11
Let o = 160 - 95. Suppose -h - 2*w + 14 = 2*h, -5*h + o = -5*w. What is the remainder when 31 is divided by h?
7
Suppose 7*g - 44 + 9 = 0. Suppose -g*n - 4*p = -287, n + 5*p = -n + 108. Calculate the remainder when n is divided by 20.
19
Let l = -1 - -22. Calculate the remainder when l is divided by 12.
9
Suppose 12*m - 22 = 10*m. Calculate the remainder when 54 is divided by m.
10
Suppose 1 = t - 8. Let l(z) = -z**3 + 8*z**2 + 12*z. Calculate the remainder when l(t) is divided by 14.
13
Let z(o) be the first derivative of 7*o**2/2 + o - 1. Let r be z(1). Let m(l) = l**2 - 8*l + 1. Calculate the remainder when 2 is divided by m(r).
0
Let j be (50/4)/(-5)*-54. Suppose 4*n - n = j. Suppose -4*t - 5 = -n. Calculate the remainder when 19 is divided by t.
9
Let g = -52 - -74. Suppose 4*k = 3*k + g. Calculate the remainder when k is divided by 12.
10
Let d = 325 - -22. Let p = 15 - -28. Suppose -4*w - p = -d. Calculate the remainder when w is divided by 26.
24
Suppose 0 = -5*d + 116 - 6. What is the remainder when 63 is divided by d?
19
Let n(u) = -u - 5. Let v be n(-6). Let i be 3 + -9 - (0 + v). Calculate the remainder when 11 is divided by 2/i - 60/(-14).
3
Let u = -51 + 82. Let t = 55 - u. What is the remainder when 45 is divided by t?
21
Let t(m) = m**3 - 4*m**2 + m - 4. Let o be t(4). Let w = 47 - 51. Let v = o - w. Calculate the remainder when 10 is divided by v.
2
Suppose -4*j + 6 = -6. What is the remainder when (j - 57/(-9))*3 is divided by 10?
8
Suppose -2*i + 6*i = -100. Let h = i - -44. Calculate the remainder when h is divided by (-1)/(-7) - 240/(-35).
5
Suppose -4*k - 1 - 31 = 0. Let c = k - -21. Suppose -s = m - 1 - 2, 2*s - 18 = m. What is the remainder when c is divided by s?
6
Let v = -80 - -228. What is the remainder when v is divided by 25?
23
Let p(u) = 58*u**3 - 2*u**2 + 2*u - 1. Let c = 56 + -41. Calculate the remainder when p(1) is divided by c.
12
Suppose -2*d - 84 = -c, 0 = -5*c - 3*d + 96 + 363. Suppose k - 9 = 2*a, -5*k = -3*a + 2*a - c. What is the remainder when k is divided by 7?
5
Suppose -3*w - 2*w + 785 = 0. Calculate the remainder when w is divided by 32.
29
Let a = 14 + -10. Suppose 0 = -q - 4*x + 12, a*q + x + 3*x - 12 = 0. Suppose -2*u - 2 + 6 = q. What is the remainder when 3 is divided by u?
1
Let d(i) be the first derivative of i**2/2 - 2*i - 2. What is the remainder when 3 is divided by d(4)?
1
Suppose -5*k = 2 + 38. What is the remainder when 45 is divided by ((-12)/k)/((-3)/(-24))?
9
Let c(l) = -2*l**2 - 4*l + 6. Let x be c(-3). Suppose 4*i = i. Suppose x = v - 4*r - 25, i = 5*r + 28 - 8. What is the remainder when v is divided by 5?
4
Suppose -14*w + 51 = -579. What is the remainder when w is divided by 24?
21
Let w = 5 - 2. Let r be 6/((-3)/(-34) - 0). Suppose 0*b - 3*o = b - 25, w*b - r = -2*o. What is the remainder when b is divided by 12?
10
Let c be 1/(-1*2/(-86)). Suppose -3*k - 6 = 0, 5*k = 4*p - c - 19. What is the remainder when 24 is divided by p?
11
Calculate the remainder when (62/4)/((-35)/(-10) + -3) is divided by 17.
14
Suppose 7*p - 4*p = -9. What is the remainder when 5*p*(-2)/2 is divided by 8?
7
Let j = -5 + 1. Let y be 0 + (-4)/(j/9). What is the remainder when 8 is divided by 6/y*3 + 1?
2
Let s = 10 - 7. Suppose 4*n - 91 = 5*g, n + s*n + 5*g - 101 = 0. Calculate the remainder when 47 is divided by n.
23
Suppose 4*z = 2*w + 22, -2*z + 4*z - 23 = 5*w. What is the remainder when (-10)/3*-3 + 0 is divided by 